{"version":"1.0","provider_name":"Lyc\u00e9e Fran\u00e7ais Saint Louis de Stockholm","provider_url":"https:\/\/www.lfsl.net\/en\/","author_name":"LFSL","author_url":"https:\/\/www.lfsl.net\/en\/author\/lfsladmin\/","title":"European Day of Languages &#8211; Lyc\u00e9e Fran\u00e7ais Saint Louis de Stockholm","type":"rich","width":600,"height":338,"html":"<blockquote class=\"wp-embedded-content\" data-secret=\"Dq2yMy43qq\"><a href=\"https:\/\/www.lfsl.net\/en\/european-day-of-languages\/\">European Day of Languages<\/a><\/blockquote><iframe sandbox=\"allow-scripts\" security=\"restricted\" src=\"https:\/\/www.lfsl.net\/en\/european-day-of-languages\/embed\/#?secret=Dq2yMy43qq\" width=\"600\" height=\"338\" title=\"&#8220;European Day of Languages&#8221; &#8212; Lyc\u00e9e Fran\u00e7ais Saint Louis de Stockholm\" data-secret=\"Dq2yMy43qq\" frameborder=\"0\" marginwidth=\"0\" marginheight=\"0\" scrolling=\"no\" class=\"wp-embedded-content\"><\/iframe><script>\n\/*! This file is auto-generated *\/\n!function(d,l){\"use strict\";l.querySelector&&d.addEventListener&&\"undefined\"!=typeof URL&&(d.wp=d.wp||{},d.wp.receiveEmbedMessage||(d.wp.receiveEmbedMessage=function(e){var t=e.data;if((t||t.secret||t.message||t.value)&&!\/[^a-zA-Z0-9]\/.test(t.secret)){for(var s,r,n,a=l.querySelectorAll('iframe[data-secret=\"'+t.secret+'\"]'),o=l.querySelectorAll('blockquote[data-secret=\"'+t.secret+'\"]'),c=new RegExp(\"^https?:$\",\"i\"),i=0;i<o.length;i++)o[i].style.display=\"none\";for(i=0;i<a.length;i++)s=a[i],e.source===s.contentWindow&&(s.removeAttribute(\"style\"),\"height\"===t.message?(1e3<(r=parseInt(t.value,10))?r=1e3:~~r<200&&(r=200),s.height=r):\"link\"===t.message&&(r=new URL(s.getAttribute(\"src\")),n=new URL(t.value),c.test(n.protocol))&&n.host===r.host&&l.activeElement===s&&(d.top.location.href=t.value))}},d.addEventListener(\"message\",d.wp.receiveEmbedMessage,!1),l.addEventListener(\"DOMContentLoaded\",function(){for(var e,t,s=l.querySelectorAll(\"iframe.wp-embedded-content\"),r=0;r<s.length;r++)(t=(e=s[r]).getAttribute(\"data-secret\"))||(t=Math.random().toString(36).substring(2,12),e.src+=\"#?secret=\"+t,e.setAttribute(\"data-secret\",t)),e.contentWindow.postMessage({message:\"ready\",secret:t},\"*\")},!1)))}(window,document);\n\/\/# sourceURL=https:\/\/www.lfsl.net\/wp-includes\/js\/wp-embed.min.js\n<\/script>\n","thumbnail_url":"https:\/\/www.lfsl.net\/wp-content\/uploads\/2020\/10\/Journ\u00e9e-\u00e9urop\u00e9enne-des-langues_front.jpg","thumbnail_width":498,"thumbnail_height":280,"description":"The European Day of Languages \u200b\u200btakes place on September 26 every year. It was created by the Council of Europe and is organized jointly with the European Union. It is an opportunity to raise public awareness of the importance of language learning and to promote Europe&#8217;s linguistic heritage. At LFSL; the language classes at \u00c9l\u00e9mentaire ... Read more"}

Lycée Français Saint Louis de Stockholm

European Day of Languages &#8211; Lycée Français Saint Louis de Stockholm

<blockquote class="wp-embedded-content" data-secret="Dq2yMy43qq"><a href="https://www.lfsl.net/en/european-day-of-languages/">European Day of Languages</a></blockquote><iframe sandbox="allow-scripts" security="restricted" src="https://www.lfsl.net/en/european-day-of-languages/embed/#?secret=Dq2yMy43qq" width="600" height="338" title="&#8220;European Day of Languages&#8221; &#8212; Lycée Français Saint Louis de Stockholm" data-secret="Dq2yMy43qq" frameborder="0" marginwidth="0" marginheight="0" scrolling="no" class="wp-embedded-content"></iframe><script>
/*! This file is auto-generated */
!function(d,l){"use strict";l.querySelector&&d.addEventListener&&"undefined"!=typeof URL&&(d.wp=d.wp||{},d.wp.receiveEmbedMessage||(d.wp.receiveEmbedMessage=function(e){var t=e.data;if((t||t.secret||t.message||t.value)&&!/[^a-zA-Z0-9]/.test(t.secret)){for(var s,r,n,a=l.querySelectorAll('iframe[data-secret="'+t.secret+'"]'),o=l.querySelectorAll('blockquote[data-secret="'+t.secret+'"]'),c=new RegExp("^https?:$","i"),i=0;i<o.length;i++)o[i].style.display="none";for(i=0;i<a.length;i++)s=a[i],e.source===s.contentWindow&&(s.removeAttribute("style"),"height"===t.message?(1e3<(r=parseInt(t.value,10))?r=1e3:~~r<200&&(r=200),s.height=r):"link"===t.message&&(r=new URL(s.getAttribute("src")),n=new URL(t.value),c.test(n.protocol))&&n.host===r.host&&l.activeElement===s&&(d.top.location.href=t.value))}},d.addEventListener("message",d.wp.receiveEmbedMessage,!1),l.addEventListener("DOMContentLoaded",function(){for(var e,t,s=l.querySelectorAll("iframe.wp-embedded-content"),r=0;r<s.length;r++)(t=(e=s[r]).getAttribute("data-secret"))||(t=Math.random().toString(36).substring(2,12),e.src+="#?secret="+t,e.setAttribute("data-secret",t)),e.contentWindow.postMessage({message:"ready",secret:t},"*")},!1)))}(window,document);
//# sourceURL=https://www.lfsl.net/wp-includes/js/wp-embed.min.js
</script>

https://www.lfsl.net/wp-content/uploads/2020/10/Journée-éuropéenne-des-langues_front.jpg

The European Day of Languages ​​takes place on September 26 every year. It was created by the Council of Europe and is organized jointly with the European Union. It is an opportunity to raise public awareness of the importance of language learning and to promote Europe&#8217;s linguistic heritage. At LFSL; the language classes at Élémentaire ... Read more
