{"version":"1.0","provider_name":"Lyc\u00e9e Fran\u00e7ais Saint Louis de Stockholm","provider_url":"https:\/\/www.lfsl.net\/sv\/","author_name":"LFSL","author_url":"https:\/\/www.lfsl.net\/sv\/author\/lfsladmin\/","title":"\"Fr\u00e5n mitt f\u00f6nster ser jag ...\" &#8211; Lyc\u00e9e Fran\u00e7ais Saint Louis de Stockholm","type":"rich","width":600,"height":338,"html":"<blockquote class=\"wp-embedded-content\" data-secret=\"uycGSraLIJ\"><a href=\"https:\/\/www.lfsl.net\/sv\/fran-mitt-fonster-ser-jag\/\">&#8221;Fr\u00e5n mitt f\u00f6nster ser jag &#8230;&#8221;<\/a><\/blockquote><iframe sandbox=\"allow-scripts\" security=\"restricted\" src=\"https:\/\/www.lfsl.net\/sv\/fran-mitt-fonster-ser-jag\/embed\/#?secret=uycGSraLIJ\" width=\"600\" height=\"338\" title=\"\u201d&#8221;Fr\u00e5n mitt f\u00f6nster ser jag &#8230;&#8221;\u201d &ndash; Lyc\u00e9e Fran\u00e7ais Saint Louis de Stockholm\" data-secret=\"uycGSraLIJ\" frameborder=\"0\" marginwidth=\"0\" marginheight=\"0\" scrolling=\"no\" class=\"wp-embedded-content\"><\/iframe><script>\n\/*! This file is auto-generated *\/\n!function(d,l){\"use strict\";l.querySelector&&d.addEventListener&&\"undefined\"!=typeof URL&&(d.wp=d.wp||{},d.wp.receiveEmbedMessage||(d.wp.receiveEmbedMessage=function(e){var t=e.data;if((t||t.secret||t.message||t.value)&&!\/[^a-zA-Z0-9]\/.test(t.secret)){for(var s,r,n,a=l.querySelectorAll('iframe[data-secret=\"'+t.secret+'\"]'),o=l.querySelectorAll('blockquote[data-secret=\"'+t.secret+'\"]'),c=new RegExp(\"^https?:$\",\"i\"),i=0;i<o.length;i++)o[i].style.display=\"none\";for(i=0;i<a.length;i++)s=a[i],e.source===s.contentWindow&&(s.removeAttribute(\"style\"),\"height\"===t.message?(1e3<(r=parseInt(t.value,10))?r=1e3:~~r<200&&(r=200),s.height=r):\"link\"===t.message&&(r=new URL(s.getAttribute(\"src\")),n=new URL(t.value),c.test(n.protocol))&&n.host===r.host&&l.activeElement===s&&(d.top.location.href=t.value))}},d.addEventListener(\"message\",d.wp.receiveEmbedMessage,!1),l.addEventListener(\"DOMContentLoaded\",function(){for(var e,t,s=l.querySelectorAll(\"iframe.wp-embedded-content\"),r=0;r<s.length;r++)(t=(e=s[r]).getAttribute(\"data-secret\"))||(t=Math.random().toString(36).substring(2,12),e.src+=\"#?secret=\"+t,e.setAttribute(\"data-secret\",t)),e.contentWindow.postMessage({message:\"ready\",secret:t},\"*\")},!1)))}(window,document);\n\/\/# sourceURL=https:\/\/www.lfsl.net\/wp-includes\/js\/wp-embed.min.js\n<\/script>\n","thumbnail_url":"https:\/\/www.lfsl.net\/wp-content\/uploads\/2020\/05\/Balades-urbaines_crop.jpg","thumbnail_width":513,"thumbnail_height":289,"description":"Se klasserna 6B och 6C&#8217;s projekt. Detta projekt skapades av AEFE och syftar till att f\u00e5 klasser att arbeta med att bygga tematiska stadsvandringar i st\u00e4derna i Nordv\u00e4steuropa och Skandinavien. Oavsett om det \u00e4r geografiskt, historiskt, konstn\u00e4rligt, sociologiskt eller vetenskapligt, b\u00f6r dessa promenader vara en m\u00f6jlighet f\u00f6r elever att unders\u00f6ka, st\u00e4lla fr\u00e5gor, formulera hypoteser och ... L\u00e4s mer"}

Lycée Français Saint Louis de Stockholm

"Från mitt fönster ser jag ..." &#8211; Lycée Français Saint Louis de Stockholm

<blockquote class="wp-embedded-content" data-secret="uycGSraLIJ"><a href="https://www.lfsl.net/sv/fran-mitt-fonster-ser-jag/">&#8221;Från mitt fönster ser jag &#8230;&#8221;</a></blockquote><iframe sandbox="allow-scripts" security="restricted" src="https://www.lfsl.net/sv/fran-mitt-fonster-ser-jag/embed/#?secret=uycGSraLIJ" width="600" height="338" title="”&#8221;Från mitt fönster ser jag &#8230;&#8221;” &ndash; Lycée Français Saint Louis de Stockholm" data-secret="uycGSraLIJ" frameborder="0" marginwidth="0" marginheight="0" scrolling="no" class="wp-embedded-content"></iframe><script>
/*! This file is auto-generated */
!function(d,l){"use strict";l.querySelector&&d.addEventListener&&"undefined"!=typeof URL&&(d.wp=d.wp||{},d.wp.receiveEmbedMessage||(d.wp.receiveEmbedMessage=function(e){var t=e.data;if((t||t.secret||t.message||t.value)&&!/[^a-zA-Z0-9]/.test(t.secret)){for(var s,r,n,a=l.querySelectorAll('iframe[data-secret="'+t.secret+'"]'),o=l.querySelectorAll('blockquote[data-secret="'+t.secret+'"]'),c=new RegExp("^https?:$","i"),i=0;i<o.length;i++)o[i].style.display="none";for(i=0;i<a.length;i++)s=a[i],e.source===s.contentWindow&&(s.removeAttribute("style"),"height"===t.message?(1e3<(r=parseInt(t.value,10))?r=1e3:~~r<200&&(r=200),s.height=r):"link"===t.message&&(r=new URL(s.getAttribute("src")),n=new URL(t.value),c.test(n.protocol))&&n.host===r.host&&l.activeElement===s&&(d.top.location.href=t.value))}},d.addEventListener("message",d.wp.receiveEmbedMessage,!1),l.addEventListener("DOMContentLoaded",function(){for(var e,t,s=l.querySelectorAll("iframe.wp-embedded-content"),r=0;r<s.length;r++)(t=(e=s[r]).getAttribute("data-secret"))||(t=Math.random().toString(36).substring(2,12),e.src+="#?secret="+t,e.setAttribute("data-secret",t)),e.contentWindow.postMessage({message:"ready",secret:t},"*")},!1)))}(window,document);
//# sourceURL=https://www.lfsl.net/wp-includes/js/wp-embed.min.js
</script>

Se klasserna 6B och 6C&#8217;s projekt. Detta projekt skapades av AEFE och syftar till att få klasser att arbeta med att bygga tematiska stadsvandringar i städerna i Nordvästeuropa och Skandinavien. Oavsett om det är geografiskt, historiskt, konstnärligt, sociologiskt eller vetenskapligt, bör dessa promenader vara en möjlighet för elever att undersöka, ställa frågor, formulera hypoteser och ... Läs mer
