{"version":"1.0","provider_name":"Lyc\u00e9e Fran\u00e7ais Saint Louis de Stockholm","provider_url":"https:\/\/www.lfsl.net\/sv\/","author_name":"LFSL","author_url":"https:\/\/www.lfsl.net\/sv\/author\/lfsladmin\/","title":"Perioden f\u00f6r \u00e5terinskrivning 2023-24 \u00e4r \u00f6ppen &#8211; Lyc\u00e9e Fran\u00e7ais Saint Louis de Stockholm","type":"rich","width":600,"height":338,"html":"<blockquote class=\"wp-embedded-content\" data-secret=\"un0txgSyfy\"><a href=\"https:\/\/www.lfsl.net\/sv\/perioden-for-aterinskrivning-2023-24-ar-oppen\/\">Perioden f\u00f6r \u00e5terinskrivning 2023-24 \u00e4r \u00f6ppen<\/a><\/blockquote><iframe sandbox=\"allow-scripts\" security=\"restricted\" src=\"https:\/\/www.lfsl.net\/sv\/perioden-for-aterinskrivning-2023-24-ar-oppen\/embed\/#?secret=un0txgSyfy\" width=\"600\" height=\"338\" title=\"\u201dPerioden f\u00f6r \u00e5terinskrivning 2023-24 \u00e4r \u00f6ppen\u201d &ndash; Lyc\u00e9e Fran\u00e7ais Saint Louis de Stockholm\" data-secret=\"un0txgSyfy\" frameborder=\"0\" marginwidth=\"0\" marginheight=\"0\" scrolling=\"no\" class=\"wp-embedded-content\"><\/iframe><script>\n\/*! This file is auto-generated *\/\n!function(d,l){\"use strict\";l.querySelector&&d.addEventListener&&\"undefined\"!=typeof URL&&(d.wp=d.wp||{},d.wp.receiveEmbedMessage||(d.wp.receiveEmbedMessage=function(e){var t=e.data;if((t||t.secret||t.message||t.value)&&!\/[^a-zA-Z0-9]\/.test(t.secret)){for(var s,r,n,a=l.querySelectorAll('iframe[data-secret=\"'+t.secret+'\"]'),o=l.querySelectorAll('blockquote[data-secret=\"'+t.secret+'\"]'),c=new RegExp(\"^https?:$\",\"i\"),i=0;i<o.length;i++)o[i].style.display=\"none\";for(i=0;i<a.length;i++)s=a[i],e.source===s.contentWindow&&(s.removeAttribute(\"style\"),\"height\"===t.message?(1e3<(r=parseInt(t.value,10))?r=1e3:~~r<200&&(r=200),s.height=r):\"link\"===t.message&&(r=new URL(s.getAttribute(\"src\")),n=new URL(t.value),c.test(n.protocol))&&n.host===r.host&&l.activeElement===s&&(d.top.location.href=t.value))}},d.addEventListener(\"message\",d.wp.receiveEmbedMessage,!1),l.addEventListener(\"DOMContentLoaded\",function(){for(var e,t,s=l.querySelectorAll(\"iframe.wp-embedded-content\"),r=0;r<s.length;r++)(t=(e=s[r]).getAttribute(\"data-secret\"))||(t=Math.random().toString(36).substring(2,12),e.src+=\"#?secret=\"+t,e.setAttribute(\"data-secret\",t)),e.contentWindow.postMessage({message:\"ready\",secret:t},\"*\")},!1)))}(window,document);\n\/\/# sourceURL=https:\/\/www.lfsl.net\/wp-includes\/js\/wp-embed.min.js\n<\/script>\n","thumbnail_url":"https:\/\/www.lfsl.net\/wp-content\/uploads\/2022\/01\/AEFE-LFSL_small_crop.jpg","thumbnail_width":505,"thumbnail_height":284,"description":"B\u00e4sta f\u00f6r\u00e4ldrar \/ v\u00e5rdnadshavare,\u00a0\u00a0\u00a0Jag \u00e4r glad att kunna informera er om att perioden f\u00f6r \u00e5terinskrivning kommer vara \u00f6ppen fr\u00e5n 21 april till 10 maj 2023.\u00a0 Liksom tidigare \u00e5r kommer \u00e5terinskrivningen av ditt\/dina barn endast att ske online, via EDUKA-plattformen, som ni hittar genom att klicka p\u00e5 denna l\u00e4nk (eller p\u00e5 skolans hemsida, under fliken Inskrivninsprocessen):\u00a0\u00a0https:\/\/lfsl.eduka.school ... L\u00e4s mer"}

Lycée Français Saint Louis de Stockholm

Perioden för återinskrivning 2023-24 är öppen &#8211; Lycée Français Saint Louis de Stockholm

<blockquote class="wp-embedded-content" data-secret="un0txgSyfy"><a href="https://www.lfsl.net/sv/perioden-for-aterinskrivning-2023-24-ar-oppen/">Perioden för återinskrivning 2023-24 är öppen</a></blockquote><iframe sandbox="allow-scripts" security="restricted" src="https://www.lfsl.net/sv/perioden-for-aterinskrivning-2023-24-ar-oppen/embed/#?secret=un0txgSyfy" width="600" height="338" title="”Perioden för återinskrivning 2023-24 är öppen” &ndash; Lycée Français Saint Louis de Stockholm" data-secret="un0txgSyfy" frameborder="0" marginwidth="0" marginheight="0" scrolling="no" class="wp-embedded-content"></iframe><script>
/*! This file is auto-generated */
!function(d,l){"use strict";l.querySelector&&d.addEventListener&&"undefined"!=typeof URL&&(d.wp=d.wp||{},d.wp.receiveEmbedMessage||(d.wp.receiveEmbedMessage=function(e){var t=e.data;if((t||t.secret||t.message||t.value)&&!/[^a-zA-Z0-9]/.test(t.secret)){for(var s,r,n,a=l.querySelectorAll('iframe[data-secret="'+t.secret+'"]'),o=l.querySelectorAll('blockquote[data-secret="'+t.secret+'"]'),c=new RegExp("^https?:$","i"),i=0;i<o.length;i++)o[i].style.display="none";for(i=0;i<a.length;i++)s=a[i],e.source===s.contentWindow&&(s.removeAttribute("style"),"height"===t.message?(1e3<(r=parseInt(t.value,10))?r=1e3:~~r<200&&(r=200),s.height=r):"link"===t.message&&(r=new URL(s.getAttribute("src")),n=new URL(t.value),c.test(n.protocol))&&n.host===r.host&&l.activeElement===s&&(d.top.location.href=t.value))}},d.addEventListener("message",d.wp.receiveEmbedMessage,!1),l.addEventListener("DOMContentLoaded",function(){for(var e,t,s=l.querySelectorAll("iframe.wp-embedded-content"),r=0;r<s.length;r++)(t=(e=s[r]).getAttribute("data-secret"))||(t=Math.random().toString(36).substring(2,12),e.src+="#?secret="+t,e.setAttribute("data-secret",t)),e.contentWindow.postMessage({message:"ready",secret:t},"*")},!1)))}(window,document);
//# sourceURL=https://www.lfsl.net/wp-includes/js/wp-embed.min.js
</script>

Bästa föräldrar / vårdnadshavare,   Jag är glad att kunna informera er om att perioden för återinskrivning kommer vara öppen från 21 april till 10 maj 2023.  Liksom tidigare år kommer återinskrivningen av ditt/dina barn endast att ske online, via EDUKA-plattformen, som ni hittar genom att klicka på denna länk (eller på skolans hemsida, under fliken Inskrivninsprocessen):  https://lfsl.eduka.school ... Läs mer
